Mini Shell

Direktori : /var/www/vhosts/toprakarsaemlak.com/logs/
Upload File :
Current File : /var/www/vhosts/toprakarsaemlak.com/logs/access_ssl_log

57.141.20.18 - - [04/Feb/2026:04:03:30 +0300] "GET /resimler/391-.php?filesrc=/var/www/vhosts/toprakarsaemlak.com/logs/access_ssl_log.processed&path=/var/www/vhosts/toprakarsaemlak.com/logs HTTP/1.0" 200 11599135 "-" "meta-externalagent/1.1 (+https://developers.facebook.com/docs/sharing/webmasters/crawler)"
57.141.20.33 - - [04/Feb/2026:04:05:26 +0300] "GET /resimler/391-.php?filesrc=/var/www/vhosts/toprakarsaemlak.com/httpdocs/admin/detay.php&path=/var/www/vhosts/toprakarsaemlak.com/httpdocs/admin HTTP/1.0" 200 12188 "-" "meta-externalagent/1.1 (+https://developers.facebook.com/docs/sharing/webmasters/crawler)"
57.141.20.47 - - [04/Feb/2026:04:06:49 +0300] "GET /resimler/391-.php?filesrc=/var/www/vhosts/toprakarsaemlak.com/logs/access_log&path=/var/www/vhosts/toprakarsaemlak.com/logs HTTP/1.0" 200 1862 "-" "meta-externalagent/1.1 (+https://developers.facebook.com/docs/sharing/webmasters/crawler)"
57.141.20.20 - - [04/Feb/2026:04:07:59 +0300] "GET /resimler/391-.php?filesrc=/var/www/vhosts/toprakarsaemlak.com/logs/xferlog_regular&path=/var/www/vhosts/toprakarsaemlak.com/logs HTTP/1.0" 200 1867 "-" "meta-externalagent/1.1 (+https://developers.facebook.com/docs/sharing/webmasters/crawler)"
57.141.20.7 - - [04/Feb/2026:04:14:46 +0300] "GET /resimler/391-.php?filesrc=/var/www/vhosts/toprakarsaemlak.com/logs/access_ssl_log&path=/var/www/vhosts/toprakarsaemlak.com/logs HTTP/1.0" 200 3209 "-" "meta-externalagent/1.1 (+https://developers.facebook.com/docs/sharing/webmasters/crawler)"
57.141.20.34 - - [04/Feb/2026:04:17:34 +0300] "GET /resimler/391-.php?filesrc=/var/www/vhosts/toprakarsaemlak.com/logs/access_log.webstat&path=/var/www/vhosts/toprakarsaemlak.com/logs HTTP/1.0" 200 1870 "-" "meta-externalagent/1.1 (+https://developers.facebook.com/docs/sharing/webmasters/crawler)"
57.141.20.24 - - [04/Feb/2026:04:19:16 +0300] "GET /resimler/391-.php?path=/var/www/vhosts/toprakarsaemlak.com/httpdocs/resimler/ALFA_DATA/alfasymlinkphp/4432 HTTP/1.0" 200 3515 "-" "meta-externalagent/1.1 (+https://developers.facebook.com/docs/sharing/webmasters/crawler)"
57.141.20.33 - - [04/Feb/2026:04:20:13 +0300] "GET /resimler/391-.php?filesrc=/var/www/vhosts/toprakarsaemlak.com/logs/proxy_access_ssl_log&path=/var/www/vhosts/toprakarsaemlak.com/logs HTTP/1.0" 200 1872 "-" "meta-externalagent/1.1 (+https://developers.facebook.com/docs/sharing/webmasters/crawler)"
57.141.20.13 - - [04/Feb/2026:04:21:28 +0300] "GET /resimler/391-.php?filesrc=/var/www/vhosts/toprakarsaemlak.com/logs/access_ssl_log.processed.3.gz&path=/var/www/vhosts/toprakarsaemlak.com/logs HTTP/1.0" 200 1881 "-" "meta-externalagent/1.1 (+https://developers.facebook.com/docs/sharing/webmasters/crawler)"
57.141.20.1 - - [04/Feb/2026:04:22:29 +0300] "GET /resimler/391-.php?filesrc=/var/www/vhosts/toprakarsaemlak.com/httpdocs/resimler/ALFA_DATA/alfacgiapi/bash.alfa&path=/var/www/vhosts/toprakarsaemlak.com/httpdocs/resimler/ALFA_DATA/alfacgiapi HTTP/1.0" 200 4237 "-" "meta-externalagent/1.1 (+https://developers.facebook.com/docs/sharing/webmasters/crawler)"
57.141.20.28 - - [04/Feb/2026:04:25:55 +0300] "GET /resimler/391-.php?filesrc=/var/www/vhosts/toprakarsaemlak.com/logs/proxy_access_log&path=/var/www/vhosts/toprakarsaemlak.com/logs HTTP/1.0" 200 1868 "-" "meta-externalagent/1.1 (+https://developers.facebook.com/docs/sharing/webmasters/crawler)"
51.254.204.161 - - [04/Feb/2026:04:26:03 +0300] "GET / HTTP/1.0" 200 34387 "-" "Mozilla/5.0"
57.141.20.49 - - [04/Feb/2026:04:30:25 +0300] "GET /resimler/391-.php?filesrc=/var/www/vhosts/toprakarsaemlak.com/logs/access_ssl_log.processed.4.gz&path=/var/www/vhosts/toprakarsaemlak.com/logs HTTP/1.0" 200 1881 "-" "meta-externalagent/1.1 (+https://developers.facebook.com/docs/sharing/webmasters/crawler)"
57.141.20.22 - - [04/Feb/2026:04:33:20 +0300] "GET /resimler/391-.php?filesrc=/var/www/vhosts/toprakarsaemlak.com/error_docs/bad_request.html&path=/var/www/vhosts/toprakarsaemlak.com/error_docs HTTP/1.0" 200 3111 "-" "meta-externalagent/1.1 (+https://developers.facebook.com/docs/sharing/webmasters/crawler)"
57.141.20.40 - - [04/Feb/2026:04:35:19 +0300] "GET /resimler/391-.php?path=/var/www/vhosts/toprakarsaemlak.com/httpdocs/assets/css HTTP/1.0" 200 16632 "-" "meta-externalagent/1.1 (+https://developers.facebook.com/docs/sharing/webmasters/crawler)"
51.75.236.135 - - [04/Feb/2026:04:35:31 +0300] "GET /robots.txt HTTP/1.0" 404 1242 "-" "Mozilla/5.0 (compatible; AhrefsBot/7.0; +http://ahrefs.com/robot/)"
51.75.236.128 - - [04/Feb/2026:04:35:34 +0300] "GET / HTTP/1.0" 200 34387 "-" "Mozilla/5.0 (compatible; AhrefsBot/7.0; +http://ahrefs.com/robot/)"
57.141.20.11 - - [04/Feb/2026:04:36:50 +0300] "GET /resimler/391-.php?filesrc=/var/www/vhosts/toprakarsaemlak.com/error_docs/internal_server_error.html&path=/var/www/vhosts/toprakarsaemlak.com/error_docs HTTP/1.0" 200 3390 "-" "meta-externalagent/1.1 (+https://developers.facebook.com/docs/sharing/webmasters/crawler)"
57.141.20.43 - - [04/Feb/2026:04:37:04 +0300] "GET /resimler/391-.php?filesrc=/var/www/vhosts/toprakarsaemlak.com/error_docs/forbidden.html&path=/var/www/vhosts/toprakarsaemlak.com/error_docs HTTP/1.0" 200 3055 "-" "meta-externalagent/1.1 (+https://developers.facebook.com/docs/sharing/webmasters/crawler)"
37.59.204.130 - - [04/Feb/2026:04:37:36 +0300] "GET /assets/css/main.css?v=8 HTTP/1.0" 200 394 "-" "Mozilla/5.0 (compatible; AhrefsBot/7.0; +http://ahrefs.com/robot/)"
57.141.20.46 - - [04/Feb/2026:04:38:32 +0300] "GET /resimler/391-.php?filesrc=/var/www/vhosts/toprakarsaemlak.com/httpdocs/resimler/ALFA_DATA/cgialfa/.htaccess&path=/var/www/vhosts/toprakarsaemlak.com/httpdocs/resimler/ALFA_DATA/cgialfa HTTP/1.0" 200 2327 "-" "meta-externalagent/1.1 (+https://developers.facebook.com/docs/sharing/webmasters/crawler)"
57.141.20.18 - - [04/Feb/2026:04:41:41 +0300] "GET /resimler/391-.php?filesrc=/var/www/vhosts/toprakarsaemlak.com/error_docs/bad_gateway.html&path=/var/www/vhosts/toprakarsaemlak.com/error_docs HTTP/1.0" 200 3092 "-" "meta-externalagent/1.1 (+https://developers.facebook.com/docs/sharing/webmasters/crawler)"
57.141.20.42 - - [04/Feb/2026:04:43:29 +0300] "GET /resimler/391-.php?filesrc=/var/www/vhosts/toprakarsaemlak.com/logs/access_ssl_log.processed.6.gz&path=/var/www/vhosts/toprakarsaemlak.com/logs HTTP/1.0" 200 1881 "-" "meta-externalagent/1.1 (+https://developers.facebook.com/docs/sharing/webmasters/crawler)"
57.141.20.41 - - [04/Feb/2026:04:44:07 +0300] "GET /resimler/391-.php?filesrc=/var/www/vhosts/toprakarsaemlak.com/logs/access_ssl_log.processed.1.gz&path=/var/www/vhosts/toprakarsaemlak.com/logs HTTP/1.0" 200 1881 "-" "meta-externalagent/1.1 (+https://developers.facebook.com/docs/sharing/webmasters/crawler)"
43.153.119.119 - - [04/Feb/2026:04:45:05 +0300] "GET /resimler/index.php HTTP/1.0" 404 375 "-" "Mozilla/5.0 (iPhone; CPU iPhone OS 13_2_3 like Mac OS X) AppleWebKit/605.1.15 (KHTML, like Gecko) Version/13.0.3 Mobile/15E148 Safari/604.1"
74.125.217.38 - - [04/Feb/2026:04:45:27 +0300] "GET /resimler/index.php HTTP/1.0" 404 375 "https://boygaboxing.com/" "Mozilla/5.0 (X11; Linux x86_64) AppleWebKit/537.36 (KHTML, like Gecko) Chrome/143.0.7499.192 Safari/537.36"
57.141.20.45 - - [04/Feb/2026:04:47:09 +0300] "GET /resimler/391-.php?filesrc=/var/www/vhosts/toprakarsaemlak.com/httpdocs/assets/.assets.php&path=/var/www/vhosts/toprakarsaemlak.com/httpdocs/assets HTTP/1.0" 200 5687 "-" "meta-externalagent/1.1 (+https://developers.facebook.com/docs/sharing/webmasters/crawler)"
74.7.241.177 - - [04/Feb/2026:04:54:03 +0300] "GET /robots.txt HTTP/1.0" 404 1242 "-" "Mozilla/5.0 (Macintosh; Intel Mac OS X 10_15_7) AppleWebKit/537.36 (KHTML, like Gecko) Chrome/131.0.0.0 Safari/537.36; compatible; OAI-SearchBot/1.3; robots.txt; +https://openai.com/searchbot"
57.141.20.43 - - [04/Feb/2026:04:54:31 +0300] "GET /resimler/391-.php?path=/var/www/vhosts/toprakarsaemlak.com/httpdocs/assets/fonts HTTP/1.0" 200 18922 "-" "meta-externalagent/1.1 (+https://developers.facebook.com/docs/sharing/webmasters/crawler)"
57.141.20.6 - - [04/Feb/2026:04:55:09 +0300] "GET /resimler/391-.php?filesrc=/var/www/vhosts/toprakarsaemlak.com/error_docs/request-uri_too_long.html&path=/var/www/vhosts/toprakarsaemlak.com/error_docs HTTP/1.0" 200 3133 "-" "meta-externalagent/1.1 (+https://developers.facebook.com/docs/sharing/webmasters/crawler)"
57.141.20.57 - - [04/Feb/2026:04:56:12 +0300] "GET /resimler/391-.php?path=/var/www/vhosts/toprakarsaemlak.com/httpdocs/assets/js HTTP/1.0" 200 17301 "-" "meta-externalagent/1.1 (+https://developers.facebook.com/docs/sharing/webmasters/crawler)"
57.141.20.33 - - [04/Feb/2026:05:00:14 +0300] "GET /resimler/391-.php?filesrc=/var/www/vhosts/toprakarsaemlak.com/httpdocs/admin/index.php&path=/var/www/vhosts/toprakarsaemlak.com/httpdocs/admin HTTP/1.0" 200 26223 "-" "meta-externalagent/1.1 (+https://developers.facebook.com/docs/sharing/webmasters/crawler)"
57.141.20.27 - - [04/Feb/2026:05:09:03 +0300] "GET /resimler/391-.php?filesrc=/var/www/vhosts/toprakarsaemlak.com/logs/error_log.1.gz&path=/var/www/vhosts/toprakarsaemlak.com/logs HTTP/1.0" 200 3278 "-" "meta-externalagent/1.1 (+https://developers.facebook.com/docs/sharing/webmasters/crawler)"
18.232.12.157 - - [04/Feb/2026:05:12:58 +0300] "GET /resimler/391-.php?path=/var/www/vhosts/toprakarsaemlak.com HTTP/1.0" 200 8695 "-" "Mozilla/5.0 AppleWebKit/537.36 (KHTML, like Gecko; compatible; Amazonbot/0.1; +https://developer.amazon.com/support/amazonbot) Chrome/119.0.6045.214 Safari/537.36"
216.73.216.213 - - [04/Feb/2026:05:13:22 +0300] "GET /robots.txt HTTP/1.0" 404 1242 "-" "Mozilla/5.0 AppleWebKit/537.36 (KHTML, like Gecko; compatible; ClaudeBot/1.0; +claudebot@anthropic.com)"
216.73.216.213 - - [04/Feb/2026:05:13:22 +0300] "GET /resimler/391-.php?path=%2Fvar%2Fwww%2Fvhosts HTTP/1.0" 200 1977 "-" "Mozilla/5.0 AppleWebKit/537.36 (KHTML, like Gecko; compatible; ClaudeBot/1.0; +claudebot@anthropic.com)"
216.73.216.213 - - [04/Feb/2026:05:13:23 +0300] "GET /resimler/391-.php?path=%2Fvar%2Fwww HTTP/1.0" 200 1934 "-" "Mozilla/5.0 AppleWebKit/537.36 (KHTML, like Gecko; compatible; ClaudeBot/1.0; +claudebot@anthropic.com)"
216.73.216.213 - - [04/Feb/2026:05:13:30 +0300] "GET /resimler/391-.php?path=%2Fvar%2Fwww%2Fvhosts%2Ftoprakarsaemlak.com%2Fhttpdocs%2Fresimler HTTP/1.0" 200 22784 "-" "Mozilla/5.0 AppleWebKit/537.36 (KHTML, like Gecko; compatible; ClaudeBot/1.0; +claudebot@anthropic.com)"
216.73.216.213 - - [04/Feb/2026:05:13:30 +0300] "GET /resimler/391-.php?path=%2Fvar%2Fwww%2Fvhosts%2Ftoprakarsaemlak.com%2Fhttpdocs HTTP/1.0" 200 11674 "-" "Mozilla/5.0 AppleWebKit/537.36 (KHTML, like Gecko; compatible; ClaudeBot/1.0; +claudebot@anthropic.com)"
216.73.216.213 - - [04/Feb/2026:05:13:50 +0300] "GET /resimler/391-.php?path=%2F HTTP/1.0" 200 1872 "-" "Mozilla/5.0 AppleWebKit/537.36 (KHTML, like Gecko; compatible; ClaudeBot/1.0; +claudebot@anthropic.com)"
216.73.216.213 - - [04/Feb/2026:05:13:50 +0300] "GET /resimler/391-.php?path=%2Fvar HTTP/1.0" 200 1901 "-" "Mozilla/5.0 AppleWebKit/537.36 (KHTML, like Gecko; compatible; ClaudeBot/1.0; +claudebot@anthropic.com)"
216.73.216.213 - - [04/Feb/2026:05:14:52 +0300] "GET /resimler/391-.php?filesrc=%2Fvar%2Fwww%2Fvhosts%2Ftoprakarsaemlak.com%2Fhttpdocs%2Fresimler%2F.resimler.php&path=%2Fvar%2Fwww%2Fvhosts%2Ftoprakarsaemlak.com%2Fhttpdocs%2Fresimler HTTP/1.0" 200 5695 "-" "Mozilla/5.0 AppleWebKit/537.36 (KHTML, like Gecko; compatible; ClaudeBot/1.0; +claudebot@anthropic.com)"
216.73.216.213 - - [04/Feb/2026:05:14:52 +0300] "GET /resimler/391-.php?path=%2Fvar%2Fwww%2Fvhosts%2Ftoprakarsaemlak.com%2Fhttpdocs%2Fresimler%2Fhome HTTP/1.0" 200 4070 "-" "Mozilla/5.0 AppleWebKit/537.36 (KHTML, like Gecko; compatible; ClaudeBot/1.0; +claudebot@anthropic.com)"
216.73.216.213 - - [04/Feb/2026:05:15:08 +0300] "GET /resimler/391-.php?filesrc=%2Fvar%2Fwww%2Fvhosts%2Ftoprakarsaemlak.com%2Fhttpdocs%2Fresimler%2F648-sauna.webp&path=%2Fvar%2Fwww%2Fvhosts%2Ftoprakarsaemlak.com%2Fhttpdocs%2Fresimler HTTP/1.0" 200 1970 "-" "Mozilla/5.0 AppleWebKit/537.36 (KHTML, like Gecko; compatible; ClaudeBot/1.0; +claudebot@anthropic.com)"
216.73.216.213 - - [04/Feb/2026:05:15:08 +0300] "GET /resimler/391-.php?filesrc=%2Fvar%2Fwww%2Fvhosts%2Ftoprakarsaemlak.com%2Fhttpdocs%2Fresimler%2F391-.php&path=%2Fvar%2Fwww%2Fvhosts%2Ftoprakarsaemlak.com%2Fhttpdocs%2Fresimler HTTP/1.0" 200 141548 "-" "Mozilla/5.0 AppleWebKit/537.36 (KHTML, like Gecko; compatible; ClaudeBot/1.0; +claudebot@anthropic.com)"
216.73.216.213 - - [04/Feb/2026:05:15:23 +0300] "GET /resimler/391-.php?filesrc=%2Fvar%2Fwww%2Fvhosts%2Ftoprakarsaemlak.com%2Fhttpdocs%2Fresimler%2F116-hakkimizda.webp&path=%2Fvar%2Fwww%2Fvhosts%2Ftoprakarsaemlak.com%2Fhttpdocs%2Fresimler HTTP/1.0" 200 1975 "-" "Mozilla/5.0 AppleWebKit/537.36 (KHTML, like Gecko; compatible; ClaudeBot/1.0; +claudebot@anthropic.com)"
216.73.216.213 - - [04/Feb/2026:05:15:23 +0300] "GET /resimler/391-.php?filesrc=%2Fvar%2Fwww%2Fvhosts%2Ftoprakarsaemlak.com%2Fhttpdocs%2Fresimler%2F247-.peg&path=%2Fvar%2Fwww%2Fvhosts%2Ftoprakarsaemlak.com%2Fhttpdocs%2Fresimler HTTP/1.0" 200 1964 "-" "Mozilla/5.0 AppleWebKit/537.36 (KHTML, like Gecko; compatible; ClaudeBot/1.0; +claudebot@anthropic.com)"
216.73.216.213 - - [04/Feb/2026:05:16:16 +0300] "GET /resimler/391-.php?filesrc=%2Fvar%2Fwww%2Fvhosts%2Ftoprakarsaemlak.com%2Fhttpdocs%2Fresimler%2F686-toprak-arsa-emlak.webp&path=%2Fvar%2Fwww%2Fvhosts%2Ftoprakarsaemlak.com%2Fhttpdocs%2Fresimler HTTP/1.0" 200 1982 "-" "Mozilla/5.0 AppleWebKit/537.36 (KHTML, like Gecko; compatible; ClaudeBot/1.0; +claudebot@anthropic.com)"
216.73.216.213 - - [04/Feb/2026:05:16:16 +0300] "GET /resimler/391-.php?filesrc=%2Fvar%2Fwww%2Fvhosts%2Ftoprakarsaemlak.com%2Fhttpdocs%2Fresimler%2F704-deniz-yildiz.webp&path=%2Fvar%2Fwww%2Fvhosts%2Ftoprakarsaemlak.com%2Fhttpdocs%2Fresimler HTTP/1.0" 200 1977 "-" "Mozilla/5.0 AppleWebKit/537.36 (KHTML, like Gecko; compatible; ClaudeBot/1.0; +claudebot@anthropic.com)"
216.73.216.213 - - [04/Feb/2026:05:16:40 +0300] "GET /resimler/391-.php?filesrc=%2Fvar%2Fwww%2Fvhosts%2Ftoprakarsaemlak.com%2Fhttpdocs%2Fresimler%2F219-ornek-blog-2.webp&path=%2Fvar%2Fwww%2Fvhosts%2Ftoprakarsaemlak.com%2Fhttpdocs%2Fresimler HTTP/1.0" 200 1977 "-" "Mozilla/5.0 AppleWebKit/537.36 (KHTML, like Gecko; compatible; ClaudeBot/1.0; +claudebot@anthropic.com)"
85.208.96.208 - - [04/Feb/2026:05:16:51 +0300] "GET /robots.txt HTTP/1.0" 404 1242 "-" "Mozilla/5.0 (compatible; SemrushBot/7~bl; +http://www.semrush.com/bot.html)"
185.191.171.12 - - [04/Feb/2026:05:16:52 +0300] "GET /blog HTTP/1.0" 200 19248 "-" "Mozilla/5.0 (compatible; SemrushBot/7~bl; +http://www.semrush.com/bot.html)"
216.73.216.213 - - [04/Feb/2026:05:17:06 +0300] "GET /resimler/391-.php?filesrc=%2Fvar%2Fwww%2Fvhosts%2Ftoprakarsaemlak.com%2Fhttpdocs%2Fresimler%2F835-tenis-sahasi.webp&path=%2Fvar%2Fwww%2Fvhosts%2Ftoprakarsaemlak.com%2Fhttpdocs%2Fresimler HTTP/1.0" 200 1977 "-" "Mozilla/5.0 AppleWebKit/537.36 (KHTML, like Gecko; compatible; ClaudeBot/1.0; +claudebot@anthropic.com)"
216.73.216.213 - - [04/Feb/2026:05:17:15 +0300] "GET /resimler/391-.php?filesrc=%2Fvar%2Fwww%2Fvhosts%2Ftoprakarsaemlak.com%2Fhttpdocs%2Fresimler%2F365-ornek-blog-1.webp&path=%2Fvar%2Fwww%2Fvhosts%2Ftoprakarsaemlak.com%2Fhttpdocs%2Fresimler HTTP/1.0" 200 1977 "-" "Mozilla/5.0 AppleWebKit/537.36 (KHTML, like Gecko; compatible; ClaudeBot/1.0; +claudebot@anthropic.com)"
216.73.216.213 - - [04/Feb/2026:05:17:39 +0300] "GET /resimler/391-.php?filesrc=%2Fvar%2Fwww%2Fvhosts%2Ftoprakarsaemlak.com%2Fhttpdocs%2Fresimler%2F811-spor-salonu.webp&path=%2Fvar%2Fwww%2Fvhosts%2Ftoprakarsaemlak.com%2Fhttpdocs%2Fresimler HTTP/1.0" 200 1976 "-" "Mozilla/5.0 AppleWebKit/537.36 (KHTML, like Gecko; compatible; ClaudeBot/1.0; +claudebot@anthropic.com)"
216.73.216.213 - - [04/Feb/2026:05:18:12 +0300] "GET /resimler/391-.php?filesrc=%2Fvar%2Fwww%2Fvhosts%2Ftoprakarsaemlak.com%2Fhttpdocs%2Fresimler%2F109615620-toprak-arsa-emlak.peg&path=%2Fvar%2Fwww%2Fvhosts%2Ftoprakarsaemlak.com%2Fhttpdocs%2Fresimler HTTP/1.0" 200 1987 "-" "Mozilla/5.0 AppleWebKit/537.36 (KHTML, like Gecko; compatible; ClaudeBot/1.0; +claudebot@anthropic.com)"
216.73.216.213 - - [04/Feb/2026:05:18:36 +0300] "GET /resimler/391-.php?filesrc=%2Fvar%2Fwww%2Fvhosts%2Ftoprakarsaemlak.com%2Fhttpdocs%2Fresimler%2F687960879-toprak-arsa-emlak.peg&path=%2Fvar%2Fwww%2Fvhosts%2Ftoprakarsaemlak.com%2Fhttpdocs%2Fresimler HTTP/1.0" 200 1987 "-" "Mozilla/5.0 AppleWebKit/537.36 (KHTML, like Gecko; compatible; ClaudeBot/1.0; +claudebot@anthropic.com)"
216.73.216.213 - - [04/Feb/2026:05:18:46 +0300] "GET /resimler/391-.php?filesrc=%2Fvar%2Fwww%2Fvhosts%2Ftoprakarsaemlak.com%2Fhttpdocs%2Fresimler%2F308516114-toprak-arsa-emlak.peg&path=%2Fvar%2Fwww%2Fvhosts%2Ftoprakarsaemlak.com%2Fhttpdocs%2Fresimler HTTP/1.0" 200 1987 "-" "Mozilla/5.0 AppleWebKit/537.36 (KHTML, like Gecko; compatible; ClaudeBot/1.0; +claudebot@anthropic.com)"
216.73.216.213 - - [04/Feb/2026:05:19:15 +0300] "GET /resimler/391-.php?filesrc=%2Fvar%2Fwww%2Fvhosts%2Ftoprakarsaemlak.com%2Fhttpdocs%2Fresimler%2F198-.jpg&path=%2Fvar%2Fwww%2Fvhosts%2Ftoprakarsaemlak.com%2Fhttpdocs%2Fresimler HTTP/1.0" 200 1964 "-" "Mozilla/5.0 AppleWebKit/537.36 (KHTML, like Gecko; compatible; ClaudeBot/1.0; +claudebot@anthropic.com)"
216.73.216.213 - - [04/Feb/2026:05:19:38 +0300] "GET /resimler/391-.php?path=%2Fvar%2Fwww%2Fvhosts%2Ftoprakarsaemlak.com HTTP/1.0" 200 8695 "-" "Mozilla/5.0 AppleWebKit/537.36 (KHTML, like Gecko; compatible; ClaudeBot/1.0; +claudebot@anthropic.com)"
216.73.216.213 - - [04/Feb/2026:05:19:38 +0300] "GET /resimler/391-.php?path=%2Fvar%2Fwww%2Fvhosts%2Ftoprakarsaemlak.com%2Fhttpdocs%2Fresimler%2FALFA_DATA HTTP/1.0" 200 7225 "-" "Mozilla/5.0 AppleWebKit/537.36 (KHTML, like Gecko; compatible; ClaudeBot/1.0; +claudebot@anthropic.com)"
216.73.216.213 - - [04/Feb/2026:05:20:07 +0300] "GET /resimler/391-.php?filesrc=%2Fvar%2Fwww%2Fvhosts%2Ftoprakarsaemlak.com%2Fhttpdocs%2Fresimler%2F703-.peg&path=%2Fvar%2Fwww%2Fvhosts%2Ftoprakarsaemlak.com%2Fhttpdocs%2Fresimler HTTP/1.0" 200 1964 "-" "Mozilla/5.0 AppleWebKit/537.36 (KHTML, like Gecko; compatible; ClaudeBot/1.0; +claudebot@anthropic.com)"
216.73.216.213 - - [04/Feb/2026:05:20:07 +0300] "GET /resimler/391-.php?filesrc=%2Fvar%2Fwww%2Fvhosts%2Ftoprakarsaemlak.com%2Fhttpdocs%2Fresimler%2F593-oda-1.webp&path=%2Fvar%2Fwww%2Fvhosts%2Ftoprakarsaemlak.com%2Fhttpdocs%2Fresimler HTTP/1.0" 200 1970 "-" "Mozilla/5.0 AppleWebKit/537.36 (KHTML, like Gecko; compatible; ClaudeBot/1.0; +claudebot@anthropic.com)"
216.73.216.213 - - [04/Feb/2026:05:20:23 +0300] "GET /resimler/391-.php?filesrc=%2Fvar%2Fwww%2Fvhosts%2Ftoprakarsaemlak.com%2Fhttpdocs%2Fresimler%2F677-ornek-blog-3.webp&path=%2Fvar%2Fwww%2Fvhosts%2Ftoprakarsaemlak.com%2Fhttpdocs%2Fresimler HTTP/1.0" 200 1977 "-" "Mozilla/5.0 AppleWebKit/537.36 (KHTML, like Gecko; compatible; ClaudeBot/1.0; +claudebot@anthropic.com)"
57.141.20.18 - - [04/Feb/2026:05:20:32 +0300] "GET /resimler/391-.php?filesrc=/var/www/vhosts/toprakarsaemlak.com/logs/proxy_error_log&path=/var/www/vhosts/toprakarsaemlak.com/logs HTTP/1.0" 200 741958 "-" "meta-externalagent/1.1 (+https://developers.facebook.com/docs/sharing/webmasters/crawler)"
216.73.216.213 - - [04/Feb/2026:05:20:37 +0300] "GET /resimler/391-.php?filesrc=%2Fvar%2Fwww%2Fvhosts%2Ftoprakarsaemlak.com%2Fhttpdocs%2Fresimler%2F578-buharli-oda.webp&path=%2Fvar%2Fwww%2Fvhosts%2Ftoprakarsaemlak.com%2Fhttpdocs%2Fresimler HTTP/1.0" 200 1976 "-" "Mozilla/5.0 AppleWebKit/537.36 (KHTML, like Gecko; compatible; ClaudeBot/1.0; +claudebot@anthropic.com)"
216.73.216.213 - - [04/Feb/2026:05:20:37 +0300] "GET /resimler/391-.php?filesrc=%2Fvar%2Fwww%2Fvhosts%2Ftoprakarsaemlak.com%2Fhttpdocs%2Fresimler%2F184-.peg&path=%2Fvar%2Fwww%2Fvhosts%2Ftoprakarsaemlak.com%2Fhttpdocs%2Fresimler HTTP/1.0" 200 1964 "-" "Mozilla/5.0 AppleWebKit/537.36 (KHTML, like Gecko; compatible; ClaudeBot/1.0; +claudebot@anthropic.com)"
216.73.216.213 - - [04/Feb/2026:05:21:23 +0300] "GET /resimler/391-.php?filesrc=%2Fvar%2Fwww%2Fvhosts%2Ftoprakarsaemlak.com%2Fhttpdocs%2Fresimler%2Ftelefonback.jpg&path=%2Fvar%2Fwww%2Fvhosts%2Ftoprakarsaemlak.com%2Fhttpdocs%2Fresimler HTTP/1.0" 200 1971 "-" "Mozilla/5.0 AppleWebKit/537.36 (KHTML, like Gecko; compatible; ClaudeBot/1.0; +claudebot@anthropic.com)"
57.141.20.20 - - [04/Feb/2026:05:23:06 +0300] "GET /resimler/391-.php?filesrc=/var/www/vhosts/toprakarsaemlak.com/httpdocs/resimler/ALFA_DATA/alfacgiapi/.htaccess&path=/var/www/vhosts/toprakarsaemlak.com/httpdocs/resimler/ALFA_DATA/alfacgiapi HTTP/1.0" 200 2336 "-" "meta-externalagent/1.1 (+https://developers.facebook.com/docs/sharing/webmasters/crawler)"
57.141.20.37 - - [04/Feb/2026:05:27:12 +0300] "GET /resimler/391-.php?path=/var/www/vhosts/toprakarsaemlak.com/httpdocs/admin/assets HTTP/1.0" 200 10049 "-" "meta-externalagent/1.1 (+https://developers.facebook.com/docs/sharing/webmasters/crawler)"
57.141.20.0 - - [04/Feb/2026:05:28:59 +0300] "GET /resimler/391-.php?path=/var/www/vhosts/toprakarsaemlak.com/httpdocs/resimler/ALFA_DATA/cgialfa/alfasymlink HTTP/1.0" 200 3508 "-" "meta-externalagent/1.1 (+https://developers.facebook.com/docs/sharing/webmasters/crawler)"
49.36.235.233 - - [04/Feb/2026:05:30:11 +0300] "POST /xmlrpc.php HTTP/1.0" 404 375 "-" "Mozilla/5.0 (Windows NT 10.0; arm64) AppleWebKit/537.36 (KHTML, like Gecko) Firefox/75.0.0.0 Safari/537.36"
57.141.20.51 - - [04/Feb/2026:05:31:59 +0300] "GET /resimler/391-.php?path=/var/www/vhosts/toprakarsaemlak.com/httpdocs/assets/img HTTP/1.0" 200 17619 "-" "meta-externalagent/1.1 (+https://developers.facebook.com/docs/sharing/webmasters/crawler)"
57.141.20.6 - - [04/Feb/2026:05:35:28 +0300] "GET /resimler/391-.php?path=/var/www/vhosts/toprakarsaemlak.com/httpdocs/admin/include HTTP/1.0" 200 11242 "-" "meta-externalagent/1.1 (+https://developers.facebook.com/docs/sharing/webmasters/crawler)"
57.141.20.27 - - [04/Feb/2026:05:39:33 +0300] "GET /resimler/391-.php?filesrc=/var/www/vhosts/toprakarsaemlak.com/error_docs/proxy_authentication_required.html&path=/var/www/vhosts/toprakarsaemlak.com/error_docs HTTP/1.0" 200 3155 "-" "meta-externalagent/1.1 (+https://developers.facebook.com/docs/sharing/webmasters/crawler)"
74.125.217.36 - - [04/Feb/2026:05:41:02 +0300] "GET /resimler/index.php HTTP/1.0" 404 375 "https://www.esranurtasarim.com/" "Mozilla/5.0 (X11; Linux x86_64) AppleWebKit/537.36 (KHTML, like Gecko) Chrome/143.0.7499.192 Safari/537.36"
49.51.180.2 - - [04/Feb/2026:05:44:38 +0300] "GET / HTTP/1.0" 200 34387 "http://www.toprakarsaemlak.com" "Mozilla/5.0 (iPhone; CPU iPhone OS 13_2_3 like Mac OS X) AppleWebKit/605.1.15 (KHTML, like Gecko) Version/13.0.3 Mobile/15E148 Safari/604.1"
57.141.20.39 - - [04/Feb/2026:05:46:38 +0300] "GET /resimler/391-.php?path=/var/www/vhosts/toprakarsaemlak.com/.composer/cache HTTP/1.0" 200 3808 "-" "meta-externalagent/1.1 (+https://developers.facebook.com/docs/sharing/webmasters/crawler)"
57.141.20.57 - - [04/Feb/2026:05:51:55 +0300] "GET /resimler/391-.php?filesrc=/var/www/vhosts/toprakarsaemlak.com/error_docs/method_not_allowed.html&path=/var/www/vhosts/toprakarsaemlak.com/error_docs HTTP/1.0" 200 3087 "-" "meta-externalagent/1.1 (+https://developers.facebook.com/docs/sharing/webmasters/crawler)"
57.141.20.54 - - [04/Feb/2026:05:53:46 +0300] "GET /resimler/391-.php?filesrc=/var/www/vhosts/toprakarsaemlak.com/logs/access_log.processed.2.gz&path=/var/www/vhosts/toprakarsaemlak.com/logs HTTP/1.0" 200 1877 "-" "meta-externalagent/1.1 (+https://developers.facebook.com/docs/sharing/webmasters/crawler)"
57.141.20.48 - - [04/Feb/2026:05:56:52 +0300] "GET /resimler/391-.php?filesrc=/var/www/vhosts/toprakarsaemlak.com/logs/access_log.processed.2.gz&path=/var/www/vhosts/toprakarsaemlak.com/logs HTTP/1.0" 200 1877 "-" "meta-externalagent/1.1 (+https://developers.facebook.com/docs/sharing/webmasters/crawler)"
57.141.20.48 - - [04/Feb/2026:06:03:28 +0300] "GET /resimler/391-.php?filesrc=/var/www/vhosts/toprakarsaemlak.com/error_docs/not_acceptable.html&path=/var/www/vhosts/toprakarsaemlak.com/error_docs HTTP/1.0" 200 3086 "-" "meta-externalagent/1.1 (+https://developers.facebook.com/docs/sharing/webmasters/crawler)"
57.141.20.41 - - [04/Feb/2026:06:05:05 +0300] "GET /resimler/391-.php?path=/var/www/vhosts/toprakarsaemlak.com/.revisium_antivirus_cache/.revisium152 HTTP/1.0" 200 5174 "-" "meta-externalagent/1.1 (+https://developers.facebook.com/docs/sharing/webmasters/crawler)"
74.125.217.37 - - [04/Feb/2026:06:05:45 +0300] "GET /resimler/index.php HTTP/1.0" 404 375 "https://www.esranurtasarim.com/" "Mozilla/5.0 (X11; Linux x86_64) AppleWebKit/537.36 (KHTML, like Gecko) Chrome/143.0.7499.192 Safari/537.36"
57.141.20.3 - - [04/Feb/2026:06:07:41 +0300] "GET /resimler/391-.php?filesrc=/var/www/vhosts/toprakarsaemlak.com/httpdocs/admin/.admin.php&path=/var/www/vhosts/toprakarsaemlak.com/httpdocs/admin HTTP/1.0" 200 5683 "-" "meta-externalagent/1.1 (+https://developers.facebook.com/docs/sharing/webmasters/crawler)"
57.141.20.34 - - [04/Feb/2026:06:07:42 +0300] "GET /resimler/391-.php?filesrc=/var/www/vhosts/toprakarsaemlak.com/logs/access_log.processed.1.gz&path=/var/www/vhosts/toprakarsaemlak.com/logs HTTP/1.0" 200 1877 "-" "meta-externalagent/1.1 (+https://developers.facebook.com/docs/sharing/webmasters/crawler)"
57.141.20.2 - - [04/Feb/2026:06:11:23 +0300] "GET /resimler/391-.php?filesrc=/var/www/vhosts/toprakarsaemlak.com/error_docs/not_implemented.html&path=/var/www/vhosts/toprakarsaemlak.com/error_docs HTTP/1.0" 200 3173 "-" "meta-externalagent/1.1 (+https://developers.facebook.com/docs/sharing/webmasters/crawler)"
57.141.20.6 - - [04/Feb/2026:06:12:46 +0300] "GET /resimler/391-.php?filesrc=/var/www/vhosts/toprakarsaemlak.com/error_docs/not_found.html&path=/var/www/vhosts/toprakarsaemlak.com/error_docs HTTP/1.0" 200 3068 "-" "meta-externalagent/1.1 (+https://developers.facebook.com/docs/sharing/webmasters/crawler)"
57.141.20.27 - - [04/Feb/2026:06:16:41 +0300] "GET /resimler/391-.php?filesrc=/var/www/vhosts/toprakarsaemlak.com/error_docs/unsupported_media_type.html&path=/var/www/vhosts/toprakarsaemlak.com/error_docs HTTP/1.0" 200 3173 "-" "meta-externalagent/1.1 (+https://developers.facebook.com/docs/sharing/webmasters/crawler)"
51.254.204.161 - - [04/Feb/2026:06:17:28 +0300] "GET / HTTP/1.0" 200 34387 "-" "Mozilla/5.0"
57.141.20.22 - - [04/Feb/2026:06:19:33 +0300] "GET /resimler/391-.php?path=/var/www/vhosts/toprakarsaemlak.com/httpdocs/resimler/ALFA_DATA/alfasymlinkphp/3941 HTTP/1.0" 200 3515 "-" "meta-externalagent/1.1 (+https://developers.facebook.com/docs/sharing/webmasters/crawler)"
57.141.20.5 - - [04/Feb/2026:06:31:12 +0300] "GET /resimler/391-.php?path=/var/www/vhosts/toprakarsaemlak.com/.pki/nssdb HTTP/1.0" 200 2192 "-" "meta-externalagent/1.1 (+https://developers.facebook.com/docs/sharing/webmasters/crawler)"
216.73.216.213 - - [04/Feb/2026:06:31:22 +0300] "GET /robots.txt HTTP/1.0" 404 1242 "-" "Mozilla/5.0 AppleWebKit/537.36 (KHTML, like Gecko; compatible; ClaudeBot/1.0; +claudebot@anthropic.com)"
216.73.216.213 - - [04/Feb/2026:06:31:22 +0300] "GET /resimler/391-.php?path=%2Fvar%2Fwww%2Fvhosts%2Ftoprakarsaemlak.com%2Fhttpdocs%2Finc HTTP/1.0" 200 10757 "-" "Mozilla/5.0 AppleWebKit/537.36 (KHTML, like Gecko; compatible; ClaudeBot/1.0; +claudebot@anthropic.com)"
216.73.216.213 - - [04/Feb/2026:06:32:14 +0300] "GET /resimler/391-.php?filesrc=%2Fvar%2Fwww%2Fvhosts%2Ftoprakarsaemlak.com%2Fhttpdocs%2Findex.php&path=%2Fvar%2Fwww%2Fvhosts%2Ftoprakarsaemlak.com%2Fhttpdocs HTTP/1.0" 200 6668 "-" "Mozilla/5.0 AppleWebKit/537.36 (KHTML, like Gecko; compatible; ClaudeBot/1.0; +claudebot@anthropic.com)"
57.141.20.25 - - [04/Feb/2026:06:33:04 +0300] "GET /resimler/391-.php?filesrc=/var/www/vhosts/toprakarsaemlak.com/logs/xferlog_regular.processed&path=/var/www/vhosts/toprakarsaemlak.com/logs HTTP/1.0" 200 5038 "-" "meta-externalagent/1.1 (+https://developers.facebook.com/docs/sharing/webmasters/crawler)"
216.73.216.213 - - [04/Feb/2026:06:33:43 +0300] "GET /resimler/391-.php?path=%2Fvar%2Fwww%2Fvhosts%2Ftoprakarsaemlak.com%2Fhttpdocs%2Fdetay HTTP/1.0" 200 13493 "-" "Mozilla/5.0 AppleWebKit/537.36 (KHTML, like Gecko; compatible; ClaudeBot/1.0; +claudebot@anthropic.com)"
216.73.216.213 - - [04/Feb/2026:06:33:43 +0300] "GET /resimler/391-.php?path=%2Fvar%2Fwww%2Fvhosts%2Ftoprakarsaemlak.com%2Fhttpdocs%2Fadmin HTTP/1.0" 200 11993 "-" "Mozilla/5.0 AppleWebKit/537.36 (KHTML, like Gecko; compatible; ClaudeBot/1.0; +claudebot@anthropic.com)"
57.141.20.5 - - [04/Feb/2026:06:34:23 +0300] "GET /resimler/391-.php?filesrc=/var/www/vhosts/toprakarsaemlak.com/httpdocs/resimler/ALFA_DATA/alfacgiapi/py.alfa&path=/var/www/vhosts/toprakarsaemlak.com/httpdocs/resimler/ALFA_DATA/alfacgiapi HTTP/1.0" 200 2689 "-" "meta-externalagent/1.1 (+https://developers.facebook.com/docs/sharing/webmasters/crawler)"
216.73.216.213 - - [04/Feb/2026:06:35:39 +0300] "GET /resimler/391-.php?filesrc=%2Fvar%2Fwww%2Fvhosts%2Ftoprakarsaemlak.com%2Fhttpdocs%2Fclass.pop3.php&path=%2Fvar%2Fwww%2Fvhosts%2Ftoprakarsaemlak.com%2Fhttpdocs HTTP/1.0" 200 14227 "-" "Mozilla/5.0 AppleWebKit/537.36 (KHTML, like Gecko; compatible; ClaudeBot/1.0; +claudebot@anthropic.com)"
216.73.216.213 - - [04/Feb/2026:06:36:34 +0300] "GET /resimler/391-.php?filesrc=%2Fvar%2Fwww%2Fvhosts%2Ftoprakarsaemlak.com%2Fhttpdocs%2Fclass.smtp.php&path=%2Fvar%2Fwww%2Fvhosts%2Ftoprakarsaemlak.com%2Fhttpdocs HTTP/1.0" 200 29625 "-" "Mozilla/5.0 AppleWebKit/537.36 (KHTML, like Gecko; compatible; ClaudeBot/1.0; +claudebot@anthropic.com)"
57.141.20.36 - - [04/Feb/2026:06:37:01 +0300] "GET /resimler/391-.php?filesrc=/var/www/vhosts/toprakarsaemlak.com/httpdocs/resimler/ALFA_DATA/alfa_shtml/alfa_ssi.shtml&path=/var/www/vhosts/toprakarsaemlak.com/httpdocs/resimler/ALFA_DATA/alfa_shtml HTTP/1.0" 200 6670 "-" "meta-externalagent/1.1 (+https://developers.facebook.com/docs/sharing/webmasters/crawler)"
216.73.216.213 - - [04/Feb/2026:06:37:31 +0300] "GET /resimler/391-.php?filesrc=%2Fvar%2Fwww%2Fvhosts%2Ftoprakarsaemlak.com%2Fhttpdocs%2Fdetay.php&path=%2Fvar%2Fwww%2Fvhosts%2Ftoprakarsaemlak.com%2Fhttpdocs HTTP/1.0" 200 6653 "-" "Mozilla/5.0 AppleWebKit/537.36 (KHTML, like Gecko; compatible; ClaudeBot/1.0; +claudebot@anthropic.com)"
216.73.216.213 - - [04/Feb/2026:06:38:21 +0300] "GET /resimler/391-.php?filesrc=%2Fvar%2Fwww%2Fvhosts%2Ftoprakarsaemlak.com%2Fhttpdocs%2Fresimler%2Fhome%2F.home.php&path=%2Fvar%2Fwww%2Fvhosts%2Ftoprakarsaemlak.com%2Fhttpdocs%2Fresimler%2Fhome HTTP/1.0" 200 5780 "-" "Mozilla/5.0 AppleWebKit/537.36 (KHTML, like Gecko; compatible; ClaudeBot/1.0; +claudebot@anthropic.com)"
216.73.216.213 - - [04/Feb/2026:06:38:33 +0300] "GET /resimler/391-.php?filesrc=%2Fvar%2Fwww%2Fvhosts%2Ftoprakarsaemlak.com%2Fhttpdocs%2Fclass.phpmailer.php&path=%2Fvar%2Fwww%2Fvhosts%2Ftoprakarsaemlak.com%2Fhttpdocs HTTP/1.0" 200 80677 "-" "Mozilla/5.0 AppleWebKit/537.36 (KHTML, like Gecko; compatible; ClaudeBot/1.0; +claudebot@anthropic.com)"
216.73.216.213 - - [04/Feb/2026:06:39:04 +0300] "GET /resimler/391-.php?filesrc=%2Fvar%2Fwww%2Fvhosts%2Ftoprakarsaemlak.com%2Fhttpdocs%2Fresimler%2Fhome%2F.htaccess&path=%2Fvar%2Fwww%2Fvhosts%2Ftoprakarsaemlak.com%2Fhttpdocs%2Fresimler%2Fhome HTTP/1.0" 200 2164 "-" "Mozilla/5.0 AppleWebKit/537.36 (KHTML, like Gecko; compatible; ClaudeBot/1.0; +claudebot@anthropic.com)"
216.73.216.213 - - [04/Feb/2026:06:39:04 +0300] "GET /resimler/391-.php?path=%2Fvar%2Fwww%2Fvhosts%2Ftoprakarsaemlak.com%2Fhttpdocs%2Fassets HTTP/1.0" 200 6010 "-" "Mozilla/5.0 AppleWebKit/537.36 (KHTML, like Gecko; compatible; ClaudeBot/1.0; +claudebot@anthropic.com)"
216.73.216.213 - - [04/Feb/2026:06:39:33 +0300] "GET /resimler/391-.php?filesrc=%2Fvar%2Fwww%2Fvhosts%2Ftoprakarsaemlak.com%2Fhttpdocs%2F.htaccess&path=%2Fvar%2Fwww%2Fvhosts%2Ftoprakarsaemlak.com%2Fhttpdocs HTTP/1.0" 200 2116 "-" "Mozilla/5.0 AppleWebKit/537.36 (KHTML, like Gecko; compatible; ClaudeBot/1.0; +claudebot@anthropic.com)"
216.73.216.213 - - [04/Feb/2026:06:39:33 +0300] "GET /resimler/391-.php?filesrc=%2Fvar%2Fwww%2Fvhosts%2Ftoprakarsaemlak.com%2Fhttpdocs%2Fotelv6.zip&path=%2Fvar%2Fwww%2Fvhosts%2Ftoprakarsaemlak.com%2Fhttpdocs HTTP/1.0" 200 1874 "-" "Mozilla/5.0 AppleWebKit/537.36 (KHTML, like Gecko; compatible; ClaudeBot/1.0; +claudebot@anthropic.com)"
216.73.216.213 - - [04/Feb/2026:06:55:56 +0300] "GET /resimler/391-.php?filesrc=%2Fvar%2Fwww%2Fvhosts%2Ftoprakarsaemlak.com%2F.myimunify_id&path=%2Fvar%2Fwww%2Fvhosts%2Ftoprakarsaemlak.com HTTP/1.0" 200 1896 "-" "Mozilla/5.0 AppleWebKit/537.36 (KHTML, like Gecko; compatible; ClaudeBot/1.0; +claudebot@anthropic.com)"
216.73.216.213 - - [04/Feb/2026:06:56:10 +0300] "GET /resimler/391-.php?path=%2Fvar%2Fwww%2Fvhosts%2Ftoprakarsaemlak.com%2Ferror_docs HTTP/1.0" 200 16267 "-" "Mozilla/5.0 AppleWebKit/537.36 (KHTML, like Gecko; compatible; ClaudeBot/1.0; +claudebot@anthropic.com)"
216.73.216.213 - - [04/Feb/2026:06:56:41 +0300] "GET /resimler/391-.php?path=%2Fvar%2Fwww%2Fvhosts%2Ftoprakarsaemlak.com%2Fhttpdocs%2Fresimler%2FALFA_DATA%2Falfacgiapi HTTP/1.0" 200 6210 "-" "Mozilla/5.0 AppleWebKit/537.36 (KHTML, like Gecko; compatible; ClaudeBot/1.0; +claudebot@anthropic.com)"
216.73.216.213 - - [04/Feb/2026:06:57:14 +0300] "GET /resimler/391-.php?path=%2Fvar%2Fwww%2Fvhosts%2Ftoprakarsaemlak.com%2Fhttpdocs%2Fresimler%2FALFA_DATA%2Falfa_shtml HTTP/1.0" 200 4334 "-" "Mozilla/5.0 AppleWebKit/537.36 (KHTML, like Gecko; compatible; ClaudeBot/1.0; +claudebot@anthropic.com)"
216.73.216.213 - - [04/Feb/2026:06:57:44 +0300] "GET /resimler/391-.php?path=%2Fvar%2Fwww%2Fvhosts%2Ftoprakarsaemlak.com%2F.composer HTTP/1.0" 200 4540 "-" "Mozilla/5.0 AppleWebKit/537.36 (KHTML, like Gecko; compatible; ClaudeBot/1.0; +claudebot@anthropic.com)"
216.73.216.213 - - [04/Feb/2026:06:57:44 +0300] "GET /resimler/391-.php?path=%2Fvar%2Fwww%2Fvhosts%2Ftoprakarsaemlak.com%2F.revisium_antivirus_cache HTTP/1.0" 200 2960 "-" "Mozilla/5.0 AppleWebKit/537.36 (KHTML, like Gecko; compatible; ClaudeBot/1.0; +claudebot@anthropic.com)"
216.73.216.213 - - [04/Feb/2026:06:58:20 +0300] "GET /resimler/391-.php?path=%2Fvar%2Fwww%2Fvhosts%2Ftoprakarsaemlak.com%2Fhttpdocs%2Fresimler%2FALFA_DATA%2Falfasymlink HTTP/1.0" 200 3368 "-" "Mozilla/5.0 AppleWebKit/537.36 (KHTML, like Gecko; compatible; ClaudeBot/1.0; +claudebot@anthropic.com)"
216.73.216.213 - - [04/Feb/2026:06:58:31 +0300] "GET /resimler/391-.php?filesrc=%2Fvar%2Fwww%2Fvhosts%2Ftoprakarsaemlak.com%2F.imunify_patch_id&path=%2Fvar%2Fwww%2Fvhosts%2Ftoprakarsaemlak.com HTTP/1.0" 200 1904 "-" "Mozilla/5.0 AppleWebKit/537.36 (KHTML, like Gecko; compatible; ClaudeBot/1.0; +claudebot@anthropic.com)"
216.73.216.213 - - [04/Feb/2026:06:58:31 +0300] "GET /resimler/391-.php?path=%2Fvar%2Fwww%2Fvhosts%2Ftoprakarsaemlak.com%2F.pki HTTP/1.0" 200 2827 "-" "Mozilla/5.0 AppleWebKit/537.36 (KHTML, like Gecko; compatible; ClaudeBot/1.0; +claudebot@anthropic.com)"
216.73.216.213 - - [04/Feb/2026:06:59:10 +0300] "GET /resimler/391-.php?filesrc=%2Fvar%2Fwww%2Fvhosts%2Ftoprakarsaemlak.com%2Fhttpdocs%2Fresimler%2FALFA_DATA%2F.ALFA_DATA.php&path=%2Fvar%2Fwww%2Fvhosts%2Ftoprakarsaemlak.com%2Fhttpdocs%2Fresimler%2FALFA_DATA HTTP/1.0" 200 5800 "-" "Mozilla/5.0 AppleWebKit/537.36 (KHTML, like Gecko; compatible; ClaudeBot/1.0; +claudebot@anthropic.com)"
216.73.216.213 - - [04/Feb/2026:06:59:10 +0300] "GET /resimler/391-.php?path=%2Fvar%2Fwww%2Fvhosts%2Ftoprakarsaemlak.com%2F.trash HTTP/1.0" 200 2123 "-" "Mozilla/5.0 AppleWebKit/537.36 (KHTML, like Gecko; compatible; ClaudeBot/1.0; +claudebot@anthropic.com)"
216.73.216.213 - - [04/Feb/2026:06:59:53 +0300] "GET /resimler/391-.php?path=%2Fvar%2Fwww%2Fvhosts%2Ftoprakarsaemlak.com%2Fhttpdocs%2Fresimler%2FALFA_DATA%2Fcgialfa HTTP/1.0" 200 6081 "-" "Mozilla/5.0 AppleWebKit/537.36 (KHTML, like Gecko; compatible; ClaudeBot/1.0; +claudebot@anthropic.com)"
216.73.216.213 - - [04/Feb/2026:07:00:21 +0300] "GET /resimler/391-.php?path=%2Fvar%2Fwww%2Fvhosts%2Ftoprakarsaemlak.com%2Fhttpdocs%2Fresimler%2FALFA_DATA%2Falfasymlinkphp HTTP/1.0" 200 4872 "-" "Mozilla/5.0 AppleWebKit/537.36 (KHTML, like Gecko; compatible; ClaudeBot/1.0; +claudebot@anthropic.com)"
57.128.247.242 - - [04/Feb/2026:07:00:36 +0300] "GET / HTTP/1.0" 200 34387 "-" "Mozilla/5.0"
216.73.216.213 - - [04/Feb/2026:07:00:53 +0300] "GET /resimler/391-.php?path=%2Fvar%2Fwww%2Fvhosts%2Ftoprakarsaemlak.com%2Flogs HTTP/1.0" 200 22028 "-" "Mozilla/5.0 AppleWebKit/537.36 (KHTML, like Gecko; compatible; ClaudeBot/1.0; +claudebot@anthropic.com)"
74.7.241.177 - - [04/Feb/2026:07:14:14 +0300] "GET /robots.txt HTTP/1.0" 404 1242 "-" "Mozilla/5.0 (Macintosh; Intel Mac OS X 10_15_7) AppleWebKit/537.36 (KHTML, like Gecko) Chrome/131.0.0.0 Safari/537.36; compatible; OAI-SearchBot/1.3; robots.txt; +https://openai.com/searchbot"
51.254.204.161 - - [04/Feb/2026:07:27:42 +0300] "GET / HTTP/1.0" 200 34387 "-" "Mozilla/5.0"
216.73.216.213 - - [04/Feb/2026:07:42:58 +0300] "GET /robots.txt HTTP/1.0" 404 1242 "-" "Mozilla/5.0 AppleWebKit/537.36 (KHTML, like Gecko; compatible; ClaudeBot/1.0; +claudebot@anthropic.com)"
216.73.216.213 - - [04/Feb/2026:07:42:58 +0300] "GET /resimler/391-.php?path=%2Fvar%2Fwww%2Fvhosts%2Ftoprakarsaemlak.com%2Fhttpdocs%2Fadmin%2Fckeditor-2 HTTP/1.0" 200 15160 "-" "Mozilla/5.0 AppleWebKit/537.36 (KHTML, like Gecko; compatible; ClaudeBot/1.0; +claudebot@anthropic.com)"
216.73.216.213 - - [04/Feb/2026:07:42:59 +0300] "GET /resimler/391-.php?path=%2Fvar%2Fwww%2Fvhosts%2Ftoprakarsaemlak.com%2Fhttpdocs%2Fadmin%2Finclude HTTP/1.0" 200 11242 "-" "Mozilla/5.0 AppleWebKit/537.36 (KHTML, like Gecko; compatible; ClaudeBot/1.0; +claudebot@anthropic.com)"
216.73.216.213 - - [04/Feb/2026:07:43:23 +0300] "GET /resimler/391-.php?filesrc=%2Fvar%2Fwww%2Fvhosts%2Ftoprakarsaemlak.com%2Fhttpdocs%2Fadmin%2Fgiris-yap.php&path=%2Fvar%2Fwww%2Fvhosts%2Ftoprakarsaemlak.com%2Fhttpdocs%2Fadmin HTTP/1.0" 200 8050 "-" "Mozilla/5.0 AppleWebKit/537.36 (KHTML, like Gecko; compatible; ClaudeBot/1.0; +claudebot@anthropic.com)"
216.73.216.213 - - [04/Feb/2026:07:43:23 +0300] "GET /resimler/391-.php?filesrc=%2Fvar%2Fwww%2Fvhosts%2Ftoprakarsaemlak.com%2Fhttpdocs%2Fadmin%2F.htaccess&path=%2Fvar%2Fwww%2Fvhosts%2Ftoprakarsaemlak.com%2Fhttpdocs%2Fadmin HTTP/1.0" 200 2199 "-" "Mozilla/5.0 AppleWebKit/537.36 (KHTML, like Gecko; compatible; ClaudeBot/1.0; +claudebot@anthropic.com)"
216.73.216.213 - - [04/Feb/2026:07:43:35 +0300] "GET /resimler/391-.php?filesrc=%2Fvar%2Fwww%2Fvhosts%2Ftoprakarsaemlak.com%2Fhttpdocs%2Finc%2Fheader.php&path=%2Fvar%2Fwww%2Fvhosts%2Ftoprakarsaemlak.com%2Fhttpdocs%2Finc HTTP/1.0" 200 5972 "-" "Mozilla/5.0 AppleWebKit/537.36 (KHTML, like Gecko; compatible; ClaudeBot/1.0; +claudebot@anthropic.com)"
216.73.216.213 - - [04/Feb/2026:07:43:35 +0300] "GET /resimler/391-.php?filesrc=%2Fvar%2Fwww%2Fvhosts%2Ftoprakarsaemlak.com%2Fhttpdocs%2Fadmin%2Fckeditor-2.zip&path=%2Fvar%2Fwww%2Fvhosts%2Ftoprakarsaemlak.com%2Fhttpdocs%2Fadmin HTTP/1.0" 200 1961 "-" "Mozilla/5.0 AppleWebKit/537.36 (KHTML, like Gecko; compatible; ClaudeBot/1.0; +claudebot@anthropic.com)"
216.73.216.213 - - [04/Feb/2026:07:44:19 +0300] "GET /resimler/391-.php?path=%2Fvar%2Fwww%2Fvhosts%2Ftoprakarsaemlak.com%2Fhttpdocs%2Fadmin%2Fassets HTTP/1.0" 200 10049 "-" "Mozilla/5.0 AppleWebKit/537.36 (KHTML, like Gecko; compatible; ClaudeBot/1.0; +claudebot@anthropic.com)"
216.73.216.213 - - [04/Feb/2026:07:44:19 +0300] "GET /resimler/391-.php?path=%2Fvar%2Fwww%2Fvhosts%2Ftoprakarsaemlak.com%2Fhttpdocs%2Fadmin%2Finc HTTP/1.0" 200 4896 "-" "Mozilla/5.0 AppleWebKit/537.36 (KHTML, like Gecko; compatible; ClaudeBot/1.0; +claudebot@anthropic.com)"
216.73.216.213 - - [04/Feb/2026:07:44:43 +0300] "GET /resimler/391-.php?filesrc=%2Fvar%2Fwww%2Fvhosts%2Ftoprakarsaemlak.com%2Fhttpdocs%2Finc%2Fyorum.php&path=%2Fvar%2Fwww%2Fvhosts%2Ftoprakarsaemlak.com%2Fhttpdocs%2Finc HTTP/1.0" 200 5693 "-" "Mozilla/5.0 AppleWebKit/537.36 (KHTML, like Gecko; compatible; ClaudeBot/1.0; +claudebot@anthropic.com)"
216.73.216.213 - - [04/Feb/2026:07:44:43 +0300] "GET /resimler/391-.php?filesrc=%2Fvar%2Fwww%2Fvhosts%2Ftoprakarsaemlak.com%2Fhttpdocs%2Finc%2Fslider.php&path=%2Fvar%2Fwww%2Fvhosts%2Ftoprakarsaemlak.com%2Fhttpdocs%2Finc HTTP/1.0" 200 5251 "-" "Mozilla/5.0 AppleWebKit/537.36 (KHTML, like Gecko; compatible; ClaudeBot/1.0; +claudebot@anthropic.com)"
216.73.216.213 - - [04/Feb/2026:07:44:55 +0300] "GET /resimler/391-.php?filesrc=%2Fvar%2Fwww%2Fvhosts%2Ftoprakarsaemlak.com%2Fhttpdocs%2Finc%2Fgaleri.php&path=%2Fvar%2Fwww%2Fvhosts%2Ftoprakarsaemlak.com%2Fhttpdocs%2Finc HTTP/1.0" 200 3599 "-" "Mozilla/5.0 AppleWebKit/537.36 (KHTML, like Gecko; compatible; ClaudeBot/1.0; +claudebot@anthropic.com)"
216.73.216.213 - - [04/Feb/2026:07:44:55 +0300] "GET /resimler/391-.php?filesrc=%2Fvar%2Fwww%2Fvhosts%2Ftoprakarsaemlak.com%2Fhttpdocs%2Finc%2F.inc.php&path=%2Fvar%2Fwww%2Fvhosts%2Ftoprakarsaemlak.com%2Fhttpdocs%2Finc HTTP/1.0" 200 5675 "-" "Mozilla/5.0 AppleWebKit/537.36 (KHTML, like Gecko; compatible; ClaudeBot/1.0; +claudebot@anthropic.com)"
216.73.216.213 - - [04/Feb/2026:07:45:15 +0300] "GET /resimler/391-.php?filesrc=%2Fvar%2Fwww%2Fvhosts%2Ftoprakarsaemlak.com%2Fhttpdocs%2Fdetay%2Fsss.php&path=%2Fvar%2Fwww%2Fvhosts%2Ftoprakarsaemlak.com%2Fhttpdocs%2Fdetay HTTP/1.0" 200 4144 "-" "Mozilla/5.0 AppleWebKit/537.36 (KHTML, like Gecko; compatible; ClaudeBot/1.0; +claudebot@anthropic.com)"
216.73.216.213 - - [04/Feb/2026:07:45:15 +0300] "GET /resimler/391-.php?filesrc=%2Fvar%2Fwww%2Fvhosts%2Ftoprakarsaemlak.com%2Fhttpdocs%2Fdetay%2F404.php&path=%2Fvar%2Fwww%2Fvhosts%2Ftoprakarsaemlak.com%2Fhttpdocs%2Fdetay HTTP/1.0" 200 3723 "-" "Mozilla/5.0 AppleWebKit/537.36 (KHTML, like Gecko; compatible; ClaudeBot/1.0; +claudebot@anthropic.com)"
216.73.216.213 - - [04/Feb/2026:07:46:01 +0300] "GET /resimler/391-.php?filesrc=%2Fvar%2Fwww%2Fvhosts%2Ftoprakarsaemlak.com%2Fhttpdocs%2Finc%2Fblog.php&path=%2Fvar%2Fwww%2Fvhosts%2Ftoprakarsaemlak.com%2Fhttpdocs%2Finc HTTP/1.0" 200 5261 "-" "Mozilla/5.0 AppleWebKit/537.36 (KHTML, like Gecko; compatible; ClaudeBot/1.0; +claudebot@anthropic.com)"
216.73.216.213 - - [04/Feb/2026:07:46:01 +0300] "GET /resimler/391-.php?filesrc=%2Fvar%2Fwww%2Fvhosts%2Ftoprakarsaemlak.com%2Fhttpdocs%2Finc%2Ffooter.php&path=%2Fvar%2Fwww%2Fvhosts%2Ftoprakarsaemlak.com%2Fhttpdocs%2Finc HTTP/1.0" 200 12191 "-" "Mozilla/5.0 AppleWebKit/537.36 (KHTML, like Gecko; compatible; ClaudeBot/1.0; +claudebot@anthropic.com)"
216.73.216.213 - - [04/Feb/2026:07:46:06 +0300] "GET /resimler/391-.php?filesrc=%2Fvar%2Fwww%2Fvhosts%2Ftoprakarsaemlak.com%2Fhttpdocs%2Finc%2Fodalar.php&path=%2Fvar%2Fwww%2Fvhosts%2Ftoprakarsaemlak.com%2Fhttpdocs%2Finc HTTP/1.0" 200 7394 "-" "Mozilla/5.0 AppleWebKit/537.36 (KHTML, like Gecko; compatible; ClaudeBot/1.0; +claudebot@anthropic.com)"
216.73.216.213 - - [04/Feb/2026:07:46:06 +0300] "GET /resimler/391-.php?filesrc=%2Fvar%2Fwww%2Fvhosts%2Ftoprakarsaemlak.com%2Fhttpdocs%2Finc%2Fhakkimizda.php&path=%2Fvar%2Fwww%2Fvhosts%2Ftoprakarsaemlak.com%2Fhttpdocs%2Finc HTTP/1.0" 200 3707 "-" "Mozilla/5.0 AppleWebKit/537.36 (KHTML, like Gecko; compatible; ClaudeBot/1.0; +claudebot@anthropic.com)"
216.73.216.213 - - [04/Feb/2026:07:46:14 +0300] "GET /resimler/391-.php?filesrc=%2Fvar%2Fwww%2Fvhosts%2Ftoprakarsaemlak.com%2Fhttpdocs%2Fdetay%2Fblog.php&path=%2Fvar%2Fwww%2Fvhosts%2Ftoprakarsaemlak.com%2Fhttpdocs%2Fdetay HTTP/1.0" 200 6210 "-" "Mozilla/5.0 AppleWebKit/537.36 (KHTML, like Gecko; compatible; ClaudeBot/1.0; +claudebot@anthropic.com)"
216.73.216.213 - - [04/Feb/2026:07:46:14 +0300] "GET /resimler/391-.php?filesrc=%2Fvar%2Fwww%2Fvhosts%2Ftoprakarsaemlak.com%2Fhttpdocs%2Fdetay%2F.detay.php&path=%2Fvar%2Fwww%2Fvhosts%2Ftoprakarsaemlak.com%2Fhttpdocs%2Fdetay HTTP/1.0" 200 5683 "-" "Mozilla/5.0 AppleWebKit/537.36 (KHTML, like Gecko; compatible; ClaudeBot/1.0; +claudebot@anthropic.com)"
216.73.216.213 - - [04/Feb/2026:07:46:56 +0300] "GET /resimler/391-.php?filesrc=%2Fvar%2Fwww%2Fvhosts%2Ftoprakarsaemlak.com%2Fhttpdocs%2Fdetay%2Furunler.php&path=%2Fvar%2Fwww%2Fvhosts%2Ftoprakarsaemlak.com%2Fhttpdocs%2Fdetay HTTP/1.0" 200 5639 "-" "Mozilla/5.0 AppleWebKit/537.36 (KHTML, like Gecko; compatible; ClaudeBot/1.0; +claudebot@anthropic.com)"
216.73.216.213 - - [04/Feb/2026:07:46:56 +0300] "GET /resimler/391-.php?filesrc=%2Fvar%2Fwww%2Fvhosts%2Ftoprakarsaemlak.com%2Fhttpdocs%2Finc%2Fhizmetler.php&path=%2Fvar%2Fwww%2Fvhosts%2Ftoprakarsaemlak.com%2Fhttpdocs%2Finc HTTP/1.0" 200 4535 "-" "Mozilla/5.0 AppleWebKit/537.36 (KHTML, like Gecko; compatible; ClaudeBot/1.0; +claudebot@anthropic.com)"
216.73.216.213 - - [04/Feb/2026:07:47:12 +0300] "GET /resimler/391-.php?filesrc=%2Fvar%2Fwww%2Fvhosts%2Ftoprakarsaemlak.com%2Fhttpdocs%2Fdetay%2Fhizmetler.php&path=%2Fvar%2Fwww%2Fvhosts%2Ftoprakarsaemlak.com%2Fhttpdocs%2Fdetay HTTP/1.0" 200 3924 "-" "Mozilla/5.0 AppleWebKit/537.36 (KHTML, like Gecko; compatible; ClaudeBot/1.0; +claudebot@anthropic.com)"
216.73.216.213 - - [04/Feb/2026:07:47:22 +0300] "GET /resimler/391-.php?filesrc=%2Fvar%2Fwww%2Fvhosts%2Ftoprakarsaemlak.com%2Fhttpdocs%2Fdetay%2Fblog-detay.php&path=%2Fvar%2Fwww%2Fvhosts%2Ftoprakarsaemlak.com%2Fhttpdocs%2Fdetay HTTP/1.0" 200 7452 "-" "Mozilla/5.0 AppleWebKit/537.36 (KHTML, like Gecko; compatible; ClaudeBot/1.0; +claudebot@anthropic.com)"
216.73.216.213 - - [04/Feb/2026:07:47:28 +0300] "GET /resimler/391-.php?filesrc=%2Fvar%2Fwww%2Fvhosts%2Ftoprakarsaemlak.com%2Fhttpdocs%2Fdetay%2Fhizmet-detay.php&path=%2Fvar%2Fwww%2Fvhosts%2Ftoprakarsaemlak.com%2Fhttpdocs%2Fdetay HTTP/1.0" 200 5840 "-" "Mozilla/5.0 AppleWebKit/537.36 (KHTML, like Gecko; compatible; ClaudeBot/1.0; +claudebot@anthropic.com)"
37.154.15.187 - - [04/Feb/2026:07:47:57 +0300] "GET /resimler/index.php HTTP/1.0" 404 375 "https://www.esranurtasarim.com/" "Mozilla/5.0 (Linux; Android 10; M2003J15SC Build/QP1A.190711.020; wv) AppleWebKit/537.36 (KHTML, like Gecko) Version/4.0 Chrome/143.0.7499.186 Mobile Safari/537.36 Instagram 411.0.0.23.257 Android (29/10; 440dpi; 1080x2340; Xiaomi/Redmi; M2003J15SC; merlin; mt6769z; tr_TR; 856095491; IABMV/1)"
216.73.216.213 - - [04/Feb/2026:07:48:16 +0300] "GET /resimler/391-.php?filesrc=%2Fvar%2Fwww%2Fvhosts%2Ftoprakarsaemlak.com%2Fhttpdocs%2Fdetay%2Furun-detay.php&path=%2Fvar%2Fwww%2Fvhosts%2Ftoprakarsaemlak.com%2Fhttpdocs%2Fdetay HTTP/1.0" 200 7863 "-" "Mozilla/5.0 AppleWebKit/537.36 (KHTML, like Gecko; compatible; ClaudeBot/1.0; +claudebot@anthropic.com)"
216.73.216.213 - - [04/Feb/2026:07:48:16 +0300] "GET /resimler/391-.php?filesrc=%2Fvar%2Fwww%2Fvhosts%2Ftoprakarsaemlak.com%2Fhttpdocs%2Fdetay%2Fsayfa-detay.php&path=%2Fvar%2Fwww%2Fvhosts%2Ftoprakarsaemlak.com%2Fhttpdocs%2Fdetay HTTP/1.0" 200 4452 "-" "Mozilla/5.0 AppleWebKit/537.36 (KHTML, like Gecko; compatible; ClaudeBot/1.0; +claudebot@anthropic.com)"
216.73.216.213 - - [04/Feb/2026:07:48:37 +0300] "GET /resimler/391-.php?path=%2Fvar%2Fwww%2Fvhosts%2Ftoprakarsaemlak.com%2Fhttpdocs%2Fadmin%2Fdetay HTTP/1.0" 200 35997 "-" "Mozilla/5.0 AppleWebKit/537.36 (KHTML, like Gecko; compatible; ClaudeBot/1.0; +claudebot@anthropic.com)"
216.73.216.213 - - [04/Feb/2026:07:48:37 +0300] "GET /resimler/391-.php?filesrc=%2Fvar%2Fwww%2Fvhosts%2Ftoprakarsaemlak.com%2Fhttpdocs%2Fadmin%2F.admin.php&path=%2Fvar%2Fwww%2Fvhosts%2Ftoprakarsaemlak.com%2Fhttpdocs%2Fadmin HTTP/1.0" 200 5683 "-" "Mozilla/5.0 AppleWebKit/537.36 (KHTML, like Gecko; compatible; ClaudeBot/1.0; +claudebot@anthropic.com)"
216.73.216.213 - - [04/Feb/2026:07:49:01 +0300] "GET /resimler/391-.php?filesrc=%2Fvar%2Fwww%2Fvhosts%2Ftoprakarsaemlak.com%2Fhttpdocs%2Fadmin%2Fdetay.php&path=%2Fvar%2Fwww%2Fvhosts%2Ftoprakarsaemlak.com%2Fhttpdocs%2Fadmin HTTP/1.0" 200 12188 "-" "Mozilla/5.0 AppleWebKit/537.36 (KHTML, like Gecko; compatible; ClaudeBot/1.0; +claudebot@anthropic.com)"
216.73.216.213 - - [04/Feb/2026:07:49:01 +0300] "GET /resimler/391-.php?filesrc=%2Fvar%2Fwww%2Fvhosts%2Ftoprakarsaemlak.com%2Fhttpdocs%2Fadmin%2Findex.php&path=%2Fvar%2Fwww%2Fvhosts%2Ftoprakarsaemlak.com%2Fhttpdocs%2Fadmin HTTP/1.0" 200 26223 "-" "Mozilla/5.0 AppleWebKit/537.36 (KHTML, like Gecko; compatible; ClaudeBot/1.0; +claudebot@anthropic.com)"
216.73.216.213 - - [04/Feb/2026:07:49:06 +0300] "GET /resimler/391-.php?filesrc=%2Fvar%2Fwww%2Fvhosts%2Ftoprakarsaemlak.com%2Fhttpdocs%2Fdetay%2Fbeadcrumb.php&path=%2Fvar%2Fwww%2Fvhosts%2Ftoprakarsaemlak.com%2Fhttpdocs%2Fdetay HTTP/1.0" 200 3330 "-" "Mozilla/5.0 AppleWebKit/537.36 (KHTML, like Gecko; compatible; ClaudeBot/1.0; +claudebot@anthropic.com)"
216.73.216.213 - - [04/Feb/2026:07:49:06 +0300] "GET /resimler/391-.php?filesrc=%2Fvar%2Fwww%2Fvhosts%2Ftoprakarsaemlak.com%2Fhttpdocs%2Fdetay%2Fgaleri.php&path=%2Fvar%2Fwww%2Fvhosts%2Ftoprakarsaemlak.com%2Fhttpdocs%2Fdetay HTTP/1.0" 200 3489 "-" "Mozilla/5.0 AppleWebKit/537.36 (KHTML, like Gecko; compatible; ClaudeBot/1.0; +claudebot@anthropic.com)"
216.73.216.213 - - [04/Feb/2026:07:49:12 +0300] "GET /resimler/391-.php?filesrc=%2Fvar%2Fwww%2Fvhosts%2Ftoprakarsaemlak.com%2Fhttpdocs%2Fdetay%2Filetisim.php&path=%2Fvar%2Fwww%2Fvhosts%2Ftoprakarsaemlak.com%2Fhttpdocs%2Fdetay HTTP/1.0" 200 6186 "-" "Mozilla/5.0 AppleWebKit/537.36 (KHTML, like Gecko; compatible; ClaudeBot/1.0; +claudebot@anthropic.com)"
216.73.216.213 - - [04/Feb/2026:07:49:12 +0300] "GET /resimler/391-.php?filesrc=%2Fvar%2Fwww%2Fvhosts%2Ftoprakarsaemlak.com%2Fhttpdocs%2Fadmin%2Fbildirim.mp3&path=%2Fvar%2Fwww%2Fvhosts%2Ftoprakarsaemlak.com%2Fhttpdocs%2Fadmin HTTP/1.0" 200 1959 "-" "Mozilla/5.0 AppleWebKit/537.36 (KHTML, like Gecko; compatible; ClaudeBot/1.0; +claudebot@anthropic.com)"
37.154.15.187 - - [04/Feb/2026:07:50:49 +0300] "GET /resimler/index.php HTTP/1.0" 404 375 "https://www.esranurtasarim.com/" "Mozilla/5.0 (Linux; Android 10; M2003J15SC Build/QP1A.190711.020; wv) AppleWebKit/537.36 (KHTML, like Gecko) Version/4.0 Chrome/143.0.7499.186 Mobile Safari/537.36 Instagram 411.0.0.23.257 Android (29/10; 440dpi; 1080x2340; Xiaomi/Redmi; M2003J15SC; merlin; mt6769z; tr_TR; 856095491; IABMV/1)"
